the remainder when 7707 is divided by 188?
187
What is the remainder when 22009 is divided by 7201?
406
What is the remainder when 18662 is divided by 284?
202
Calculate the remainder when 46809 is divided by 332.
329
Calculate the remainder when 186401 is divided by 169.
163
Calculate the remainder when 11981 is divided by 125.
106
What is the remainder when 2979 is divided by 773?
660
What is the remainder when 12358 is divided by 420?
178
Calculate the remainder when 24917 is divided by 234.
113
What is the remainder when 349980 is divided by 118?
110
What is the remainder when 470 is divided by 108?
38
What is the remainder when 12113 is divided by 91?
10
Calculate the remainder when 241868 is divided by 41.
9
What is the remainder when 95059 is divided by 179?
10
Calculate the remainder when 57350 is divided by 15.
5
What is the remainder when 1328038 is divided by 914?
910
Calculate the remainder when 50782 is divided by 1239.
1222
What is the remainder when 7972 is divided by 258?
232
What is the remainder when 48244 is divided by 16034?
142
What is the remainder when 22349 is divided by 546?
509
Calculate the remainder when 1338191 is divided by 669089.
13
What is the remainder when 633407 is divided by 10?
7
Calculate the remainder when 2770 is divided by 674.
74
What is the remainder when 46476 is divided by 34?
32
What is the remainder when 23464 is divided by 469?
14
What is the remainder when 25797 is divided by 253?
244
Calculate the remainder when 23252 is divided by 647.
607
Calculate the remainder when 4931 is divided by 647.
402
Calculate the remainder when 490 is divided by 256.
234
What is the remainder when 21855 is divided by 10860?
135
What is the remainder when 69942 is divided by 113?
108
Calculate the remainder when 25130 is divided by 12562.
6
What is the remainder when 18283 is divided by 210?
13
Calculate the remainder when 17923 is divided by 38.
25
Calculate the remainder when 9386 is divided by 228.
38
Calculate the remainder when 90544 is divided by 90507.
37
Calculate the remainder when 3737 is divided by 1834.
69
What is the remainder when 32571 is divided by 16238?
95
What is the remainder when 3058 is divided by 73?
65
Calculate the remainder when 238442 is divided by 47686.
12
What is the remainder when 938 is divided by 663?
275
Calculate the remainder when 3589 is divided by 115.
24
Calculate the remainder when 173059 is divided by 10814.
35
What is the remainder when 5828 is divided by 828?
32
What is the remainder when 134665 is divided by 81?
43
Calculate the remainder when 108967 is divided by 97.
36
Calculate the remainder when 978 is divided by 38.
28
What is the remainder when 2461 is divided by 2426?
35
What is the remainder when 1813 is divided by 899?
15
Calculate the remainder when 66399 is divided by 434.
431
What is the remainder when 35544 is divided by 889?
873
What is the remainder when 360216 is divided by 466?
464
Calculate the remainder when 105370 is divided by 6579.
106
What is the remainder when 91329 is divided by 1473?
3
Calculate the remainder when 3961 is divided by 73.
19
What is the remainder when 14708 is divided by 4886?
50
What is the remainder when 940879 is divided by 940872?
7
What is the remainder when 157669 is divided by 370?
49
What is the remainder when 27386 is divided by 595?
16
Calculate the remainder when 138709 is divided by 65.
64
What is the remainder when 17646 is divided by 252?
6
What is the remainder when 247180 is divided by 1498?
10
Calculate the remainder when 2094 is divided by 54.
42
What is the remainder when 1586 is divided by 25?
11
What is the remainder when 7907 is divided by 383?
247
What is the remainder when 9772 is divided by 8?
4
What is the remainder when 37383 is divided by 1040?
983
What is the remainder when 12592 is divided by 524?
16
Calculate the remainder when 22783 is divided by 93.
91
What is the remainder when 506495 is divided by 500?
495
Calculate the remainder when 387640 is divided by 138.
136
What is the remainder when 6159 is divided by 75?
9
Calculate the remainder when 58776 is divided by 7.
4
What is the remainder when 68163 is divided by 365?
273
Calculate the remainder when 5441 is divided by 41.
29
Calculate the remainder when 10084 is divided by 73.
10
What is the remainder when 662968 is divided by 539?
537
Calculate the remainder when 87635 is divided by 28.
23
Calculate the remainder when 3996 is divided by 800.
796
What is the remainder when 1712 is divided by 358?
280
What is the remainder when 5559 is divided by 279?
258
Calculate the remainder when 69738 is divided by 61.
15
Calculate the remainder when 5433 is divided by 1.
0
What is the remainder when 32580 is divided by 26?
2
What is the remainder when 5739 is divided by 1370?
259
Calculate the remainder when 1572766 is divided by 14.
6
What is the remainder when 1913 is divided by 36?
5
Calculate the remainder when 21356 is divided by 13.
10
What is the remainder when 3473008 is divided by 17?
10
Calculate the remainder when 11893 is divided by 476.
469
Calculate the remainder when 2380 is divided by 2367.
13
Calculate the remainder when 131097 is divided by 570.
567
Calculate the remainder when 501953 is divided by 119.
11
What is the remainder when 16387 is divided by 28?
7
Calculate the remainder when 64692 is divided by 21554.
30
What is the remainder when 24074 is divided by 13?
11
Calculate the remainder when 460 is divided by 48.
28
What is the remainder when 62971 is divided by 10495?
1
What is the remainder when 873 is divided by 96?
9
What is the remainder when 3788 is divided by 158?
154
Calculate the remainder when 991 is divided by 232.
63
What is the remainder when 68369 is divided by 595?
539
What is the remainder when 8466 is divided by 249?
0
Calculate the remainder when 27532 is divided by 6880.
12
What is the remainder when 52934 is divided by 1153?
1049
What is the remainder when 29064 is divided by 174?
6
What is the remainder when 5239 is divided by 1715?
94
What is the remainder when 2596 is divided by 851?
43
Calculate the remainder when 368456 is divided by 23.
19
What is the remainder when 24964 is divided by 24959?
5
What is the remainder when 3468 is divided by 672?
108
What is the remainder when 32527 is divided by 278?
1
Calculate the remainder when 506932 is divided by 111.
106
What is the remainder when 2942 is divided by 699?
146
Calculate the remainder when 286 is divided by 85.
31
What is the remainder when 4117 is divided by 1028?
5
Calculate the remainder when 27634 is divided by 5494.
164
Calculate the remainder when 18598 is divided by 6190.
28
Calculate the remainder when 44954 is divided by 333.
332
What is the remainder when 10500 is divided by 161?
35
What is the remainder when 39391 is divided by 3021?
118
What is the remainder when 10035 is divided by 26?
25
What is the remainder when 7613 is divided by 1521?
8
What is the remainder when 141070 is divided by 47017?
19
What is the remainder when 24146 is divided by 513?
35
Calculate the remainder when 5758 is divided by 5743.
15
What is the remainder when 14222 is divided by 108?
74
Calculate the remainder when 3238619 is divided by 308.
307
Calculate the remainder when 5839 is divided by 153.
25
Calculate the remainder when 2949 is divided by 145.
49
Calculate the remainder when 57478 is divided by 439.
408
What is the remainder when 6777009 is divided by 132?
129
What is the remainder when 2522 is divided by 1257?
8
What is the remainder when 5568 is divided by 1110?
18
Calculate the remainder when 14780 is divided by 174.
164
Calculate the remainder when 1576 is divided by 213.
85
What is the remainder when 142443 is divided by 371?
350
Calculate the remainder when 10256 is divided by 82.
6
Calculate the remainder when 693 is divided by 487.
206
What is the remainder when 3454 is divided by 480?
94
What is the remainder when 11026 is divided by 1831?
40
What is the remainder when 2230 is divided by 2209?
21
What is the remainder when 54500 is divided by 119?
117
What is the remainder when 17944 is divided by 579?
574
Calculate the remainder when 4836 is divided by 446.
376
Calculate the remainder when 176 is divided by 61.
54
What is the remainder when 51